rime?
False
Is 2249222621 a composite number?
True
Is 494051 a prime number?
True
Is 22936362619 composite?
False
Is 134903310479 a composite number?
True
Is 9124313546 a composite number?
True
Is 1959109457 prime?
True
Is 165812921 a prime number?
True
Is 11914417763 composite?
False
Is 545297414 a prime number?
False
Is 674680091 prime?
False
Is 6823451293 a prime number?
True
Is 190833729727 prime?
False
Is 2032051979 composite?
True
Is 990254983 composite?
True
Is 122167001789 a prime number?
False
Is 312922975007 a prime number?
True
Is 38536344463 a composite number?
False
Is 3613341 prime?
False
Is 41192737543 a composite number?
False
Is 106000691 a prime number?
False
Is 2671833683 a composite number?
False
Is 85011089 prime?
False
Is 17335963439 prime?
False
Is 116098988717 composite?
False
Is 105521360123 a prime number?
True
Is 12250549579 a prime number?
False
Is 1526756709 a composite number?
True
Is 35387922943 a composite number?
False
Is 590951743 prime?
True
Is 584630687 a prime number?
False
Is 18739810937 a prime number?
True
Is 16699348373 composite?
False
Is 481483993 a prime number?
True
Is 13765878961 a prime number?
True
Is 21349303 a prime number?
False
Is 845770249 a prime number?
False
Is 7406292671 composite?
True
Is 59085143545 composite?
True
Is 10238433907 a prime number?
False
Is 12058379063 prime?
False
Is 861413633 composite?
False
Is 937277819 prime?
True
Is 383566159 a prime number?
True
Is 435179263 composite?
True
Is 4157705953 composite?
False
Is 9875602043 a composite number?
False
Is 33914321279 a prime number?
False
Is 4452853021 a prime number?
False
Is 426810997 a prime number?
False
Is 209778677 composite?
True
Is 128374079 prime?
False
Is 5103337541 a composite number?
True
Is 55889714317 prime?
False
Is 161441131 composite?
False
Is 15956818141 composite?
True
Is 4176827143 a composite number?
False
Is 6159421585 prime?
False
Is 5364263843 a prime number?
True
Is 4772682347 a prime number?
True
Is 21100493911 composite?
True
Is 23182022761 prime?
True
Is 89894247 prime?
False
Is 132795067447 prime?
False
Is 3545291039 prime?
False
Is 1885493959 composite?
False
Is 51577564963 a prime number?
True
Is 10271087869 a prime number?
False
Is 6918909455 composite?
True
Is 129005783 prime?
True
Is 5209500721 a prime number?
False
Is 186575675437 a prime number?
True
Is 517498741 prime?
False
Is 892467397 prime?
False
Is 281688031 a composite number?
False
Is 795690271 prime?
False
Is 66856273061 a prime number?
False
Is 7841272141 composite?
True
Is 2040924703 a composite number?
True
Is 2564926433 a composite number?
False
Is 7944651734 a composite number?
True
Is 11603769017 a prime number?
True
Is 6326251721 prime?
False
Is 4447411139 prime?
False
Is 154121461087 prime?
False
Is 14976324667 composite?
False
Is 8922247157 a prime number?
False
Is 2376872033 a prime number?
True
Is 286518237 composite?
True
Is 9100245547 prime?
False
Is 909840467 prime?
True
Is 478564963 prime?
True
Is 1270153574 composite?
True
Is 5663917661 a prime number?
False
Is 781482091 a composite number?
True
Is 1167681629 a prime number?
True
Is 1249437281 a prime number?
True
Is 1983794149 a composite number?
True
Is 7305531377 prime?
False
Is 314910857 a prime number?
False
Is 636612533 prime?
True
Is 119051173217 a prime number?
False
Is 3810567919 a composite number?
False
Is 28835414 a prime number?
False
Is 7018705361 a composite number?
True
Is 47856005027 a composite number?
False
Is 1337300383 a composite number?
True
Is 73165303 composite?
False
Is 12537388453 a composite number?
False
Is 10174234229 a prime number?
True
Is 4499106965 prime?
False
Is 47662541 composite?
True
Is 3664676969 a composite number?
False
Is 1373252011 a composite number?
False
Is 4026998317 a prime number?
True
Is 22033228493 composite?
False
Is 43391079713 prime?
True
Is 69650071 composite?
True
Is 1227670013 a composite number?
False
Is 72359162402 prime?
False
Is 5877402697 a composite number?
True
Is 1386551 a composite number?
False
Is 575892347 prime?
False
Is 3406929989 a composite number?
False
Is 768137969 composite?
True
Is 3273449453 a composite number?
True
Is 233929823 prime?
False
Is 897182521 prime?
True
Is 79434203101 prime?
False
Is 17812964783 composite?
False
Is 12462424157 a composite number?
False
Is 1885801691 a prime number?
True
Is 10711584365 composite?
True
Is 12179392471 composite?
True
Is 5060847469 prime?
True
Is 1447889389 a prime number?
True
Is 9054761063 a prime number?
False
Is 59733981247 prime?
False
Is 21532371478 prime?
False
Is 1206792043 a prime number?
False
Is 4243760581 composite?
False
Is 32514551497 a composite number?
True
Is 11531920717 a composite number?
False
Is 170393957 a prime number?
False
Is 196468663 a composite number?
True
Is 3535193481 a composite number?
True
Is 37810636033 a prime number?
False
Is 844287467 a composite number?
True
Is 791815879 prime?
True
Is 9606479711 a composite number?
True
Is 15855705959 prime?
True
Is 75923789 composite?
False
Is 1516891319 a prime number?
False
Is 15337591091 composite?
True
Is 53605147 a composite number?
False
Is 696160889 composite?
True
Is 8092694089 composite?
False
Is 11700168607 a prime number?
True
Is 164756359177 prime?
True
Is 21699041603 composite?
False
Is 7246515889 a prime number?
True
Is 409163047 composite?
True
Is 6121894309 composite?
False
Is 54588551639 prime?
True
Is 153080993 composite?
True
Is 1070133401 a composite number?
False
Is 5497597789 prime?
True
Is 448093291 prime?
False
Is 488024017 composite?
True
Is 171235037 composite?
False
Is 32144021843 prime?
False
Is 174194641393 prime?
True
Is 37140031 a composite number?
False
Is 5176669219 prime?
True
Is 2275480247 prime?
False
Is 212214300517 a prime number?
True
Is 4581236503 prime?
False
Is 7528232093 a prime number?
True
Is 1869782758 prime?
False
Is 7168861415 prime?
False
Is 1300288393 a composite number?
False
Is 14969430481 a composite number?
True
Is 64042116959 a prime number?
True
Is 6949844393 composite?
True
Is 467359489 prime?
True
Is 3082891463 a composite number?
True
Is 142512529 a prime number?
False
Is 16397126113 prime?
True
Is 11123837349 prime?
False
Is 4559659193 composite?
True
Is 12982704533 prime?
True
Is 8685910421 prime?
False
Is 15821282469 a prime number?
False
Is 82677046337 a prime number?
False
Is 506130671 prime?
False
Is 685728419 prime?
True
Is 464093089 a composite number?
True
Is 3299947687 prime?
True
Is 141541891163 composite?
True
Is 49613856233 a prime number?
True
Is 1410239531 a composite number?
False
Is 57241758935 a composite number?
True
Is 130632851 a prime number?
True
Is 1343616809 composite?
False
Is 14290976899 prime?
False
Is 1163414081 a prime number?
False
Is 2850233597 a prime number?
True
Is 361511507 composite?
True
Is 3391150643 prime?
True
Is 3905209019 a composite number?
False
Is 14407875583 a prime number?
True
Is 21046473419 a composite number?
False
Is 12779495441 composite?
True
Is 2600541971 prime?
False
Is 41413468973 a prime number?
False
Is 96605275906 composite?
True
Is 804336473 composite?
True
Is 6341170597 a prime number?
True
Is 51802154491 a prime number?
False
Is 17750144605 a prime number?
False
Is 15203616227 a composite number?
True
Is 2671595023 a prime number?
True
Is 18592152487 a prime number?
False
Is 1129391 a composite number?
False
Is 9279065233 a prime number?
False
Is 48461911 prime?
True
Is 53222149 a composite number?
True
Is 36833297087 a composite number?
False
Is 2873347265 composite?
True
Is 62319212789 prime?
True
Is 738422761 a prime number?
False
Is 15037834657 a composite number?
False
Is 1936753327 composite?
False
Is 256506839 prime?
True
Is 30472537447 prime?
False
Is 38639759437 composite?
True
Is 6416094623 a prime number?
True
Is 6969874903 prime?
False
Is 121255027199 composite?
False
Is 1696448569 a prime number?
True
Is 16380827767 a composite number?
False
Is 1282602361 a prime number?
False
Is 4153557059 a prime number?
True
Is 7380459173 a composite number?
True
Is 8274609947 a composite number?
True
Is 93191393377 composite?
True
Is 295402589653 prime?
True
Is 90023805581 a prime number?
False
Is 2226116363 a prime number?
False
Is 67422063067 a 